{"id":3292,"date":"2022-09-13T12:08:35","date_gmt":"2022-09-13T10:08:35","guid":{"rendered":"https:\/\/gz-gs.at\/?page_id=3292"},"modified":"2026-01-09T08:17:22","modified_gmt":"2026-01-09T07:17:22","slug":"team","status":"publish","type":"page","link":"https:\/\/gz-gs.at\/?page_id=3292","title":{"rendered":"Unser Team"},"content":{"rendered":"\n<style type=\"text\/css\" data-created_by=\"avia_inline_auto\" id=\"style-css-av-lbcaptk8-bd96604f39738f2ca9bb7990262a231c\">\n.avia-section.av-lbcaptk8-bd96604f39738f2ca9bb7990262a231c{\nbackground-color:#f3ede9;\nbackground-image:unset;\n}\n<\/style>\n<div id='av_section_1'  class='avia-section av-lbcaptk8-bd96604f39738f2ca9bb7990262a231c main_color avia-section-default avia-no-border-styling  avia-builder-el-0  el_before_av_one_half  avia-builder-el-first  avia-bg-style-scroll container_wrap sidebar_right'  ><div class='container av-section-cont-open' ><main  role=\"main\" itemprop=\"mainContentOfPage\"  class='template-page content  av-content-small alpha units'><div class='post-entry post-entry-type-page post-entry-3292'><div class='entry-content-wrapper clearfix'>\n\n<style type=\"text\/css\" data-created_by=\"avia_inline_auto\" id=\"style-css-av-l804wyv6-24a424e58ae9026ab02d3fcbc773a86e\">\n#top .av-special-heading.av-l804wyv6-24a424e58ae9026ab02d3fcbc773a86e{\npadding-bottom:10px;\ncolor:#666666;\n}\nbody .av-special-heading.av-l804wyv6-24a424e58ae9026ab02d3fcbc773a86e .av-special-heading-tag .heading-char{\nfont-size:25px;\n}\n.av-special-heading.av-l804wyv6-24a424e58ae9026ab02d3fcbc773a86e .special-heading-inner-border{\nborder-color:#666666;\n}\n.av-special-heading.av-l804wyv6-24a424e58ae9026ab02d3fcbc773a86e .av-subheading{\nfont-size:15px;\n}\n<\/style>\n<div  class='av-special-heading av-l804wyv6-24a424e58ae9026ab02d3fcbc773a86e av-special-heading-h1 custom-color-heading blockquote modern-quote  avia-builder-el-1  el_before_av_textblock  avia-builder-el-first '><h1 class='av-special-heading-tag '  itemprop=\"headline\"  >Das Team rund um unsere Patient*innen<\/h1><div class=\"special-heading-border\"><div class=\"special-heading-inner-border\"><\/div><\/div><\/div>\n<section  class='av_textblock_section av-l804m5wj-8f521f63c4e65590102825f942fef6de '   itemscope=\"itemscope\" itemtype=\"https:\/\/schema.org\/CreativeWork\" ><div class='avia_textblock'  itemprop=\"text\" ><p style=\"font-weight: 400;\">In einem Prim\u00e4rversorgungszentrum werden Patientinnen und Patienten in einem multiprofessionellen Team gemeinsam und aufeinander abgestimmt behandelt. Damit bieten wir unseren Patient*innen Leistungen an, die \u00fcber die einer \u00fcblichen Ordination hinausgehen. Dabei ist es unser Bestreben, in der Zusammenarbeit von \u00c4rzt*innen, Patient*innen und weiteren Gesundheitsberufen einen umfassenden Beitrag dazu zu leisten, einen ges\u00fcnderen Lebensstil zu verwirklichen. Denn wir f\u00fchlen uns als \u00c4rzt*innen nicht nur daf\u00fcr verantwortlich, im Falle einer Erkrankung mit unserem medizinischen Wissen f\u00fcr Heilung und Linderung zu sorgen. Wir wollen gemeinsam mit Expert*innen aus anderen Gesundheitsberufen zu einem umfassenden Wohlbefinden beitragen.<\/p>\n<p style=\"font-weight: 400;\">Im Kernteam des Prim\u00e4rversorgungszentrums (PVZ) arbeiten unsere \u00c4rztinnen und \u00c4rzte der Allgemeinmedizin eng mit unseren Diplomierten Gesundheits- und Krankenpfleger*innen zusammen. Das erweiterte Team besteht aus weiteren Expert*innen anderer Gesundheits- und Sozialberufe. Im Ergebnis profitieren unsere Patient*innen von einer einfacheren\u00a0\u00a0Terminvereinbarung, verk\u00fcrzten Wartezeiten, von der Vermeidung doppelter Arztwege und von deutlich l\u00e4ngeren \u00d6ffnungszeiten.<\/p>\n<div class=\"elementor-container elementor-column-gap-default\" style=\"text-align: left;\">\n<div class=\"elementor-row\">\n<div class=\"elementor-column elementor-col-100 elementor-top-column elementor-element elementor-element-ffb2911\" data-id=\"ffb2911\" data-element_type=\"column\">\n<div class=\"elementor-column-wrap elementor-element-populated\">\n<div class=\"elementor-widget-wrap\">\n<div class=\"elementor-element elementor-element-2abbd48 elementor-widget elementor-widget-text-editor\" data-id=\"2abbd48\" data-element_type=\"widget\" data-widget_type=\"text-editor.default\">\n<div class=\"elementor-widget-container\">\n<div class=\"elementor-text-editor elementor-clearfix\"><\/div>\n<\/div>\n<\/div>\n<\/div>\n<\/div>\n<\/div>\n<\/div>\n<\/div>\n<\/div><\/section>\n\n<style type=\"text\/css\" data-created_by=\"avia_inline_auto\" id=\"style-css-av-6jfxpo-93b21467416316321e59ff5eea834cd6\">\n#top .hr.hr-invisible.av-6jfxpo-93b21467416316321e59ff5eea834cd6{\nheight:50px;\n}\n<\/style>\n<div  class='hr av-6jfxpo-93b21467416316321e59ff5eea834cd6 hr-invisible  avia-builder-el-3  el_after_av_textblock  el_before_av_one_half '><span class='hr-inner '><span class=\"hr-inner-style\"><\/span><\/span><\/div>\n\n<style type=\"text\/css\" data-created_by=\"avia_inline_auto\" id=\"style-css-av-lt2m89gs-716a29195daad05bb1ce5ddf8eb4ae9c\">\n.flex_column.av-lt2m89gs-716a29195daad05bb1ce5ddf8eb4ae9c{\npadding:0 0 0 15px;\nbackground-color:#ffffff;\n}\n<\/style>\n<div  class='flex_column av-lt2m89gs-716a29195daad05bb1ce5ddf8eb4ae9c av_one_half  avia-builder-el-4  el_after_av_hr  el_before_av_one_half  first flex_column_div  '     ><section  class='av_textblock_section av-lt2m9rsr-0e0ed4b1792edd50fdd433ac6c1937e8 '   itemscope=\"itemscope\" itemtype=\"https:\/\/schema.org\/CreativeWork\" ><div class='avia_textblock'  itemprop=\"text\" ><p><strong>Unser Kernteam besteht aus:<\/strong><\/p>\n<ul>\n<li>6 \u00c4rzt*innen<\/li>\n<li>5 Dipl. Gesundheits- und Krankenpflegern*innen<\/li>\n<li>10 Ordinationsassistent*innen<\/li>\n<li>1 Praxismanagement<\/li>\n<\/ul>\n<\/div><\/section><\/div>\n<style type=\"text\/css\" data-created_by=\"avia_inline_auto\" id=\"style-css-av-lt2mkw5u-08bdf81fbaecbbfaf653565ac08ebf55\">\n.flex_column.av-lt2mkw5u-08bdf81fbaecbbfaf653565ac08ebf55{\npadding:0 0 0 15px;\nbackground-color:#ffffff;\n}\n<\/style>\n<div  class='flex_column av-lt2mkw5u-08bdf81fbaecbbfaf653565ac08ebf55 av_one_half  avia-builder-el-6  el_after_av_one_half  el_before_av_hr  flex_column_div  '     ><section  class='av_textblock_section av-lt2mc8am-7859bdd5a5bc5aaabd61be3870bd3f2b '   itemscope=\"itemscope\" itemtype=\"https:\/\/schema.org\/CreativeWork\" ><div class='avia_textblock'  itemprop=\"text\" ><p><strong>Unser Team wird durch folgende Kooperationen erweitert:<\/strong><\/p>\n<ul>\n<li>Ern\u00e4hrungsberatung<\/li>\n<li>Physiotherapie<\/li>\n<li>Sozialarbeit<\/li>\n<li>Psychosozialer Dienst<\/li>\n<li>Hebamme<\/li>\n<\/ul>\n<\/div><\/section><\/div>\n<style type=\"text\/css\" data-created_by=\"avia_inline_auto\" id=\"style-css-av-lbaulcu1-52519c8c5a7fb54322a41eeadf06393f\">\n#top .hr.hr-invisible.av-lbaulcu1-52519c8c5a7fb54322a41eeadf06393f{\nheight:90px;\n}\n<\/style>\n<div  class='hr av-lbaulcu1-52519c8c5a7fb54322a41eeadf06393f hr-invisible  avia-builder-el-8  el_after_av_one_half  el_before_av_two_third '><span class='hr-inner '><span class=\"hr-inner-style\"><\/span><\/span><\/div>\n<div  class='flex_column av-4qg9bg-fdad988ff76f69f39d4b136a9afba590 av_two_third  avia-builder-el-9  el_after_av_hr  el_before_av_one_third  first flex_column_div  '     ><section  class='av_textblock_section av-l806u03k-f0fdcca59d72ff98721b020d7f88ac35 '   itemscope=\"itemscope\" itemtype=\"https:\/\/schema.org\/CreativeWork\" ><div class='avia_textblock'  itemprop=\"text\" ><section class=\"elementor-section elementor-top-section elementor-element elementor-element-68e912e elementor-section-boxed elementor-section-height-default elementor-section-height-default\" data-id=\"68e912e\" data-element_type=\"section\">\n<div class=\"elementor-container elementor-column-gap-default\" style=\"text-align: left;\">\n<div class=\"elementor-row\">\n<div class=\"elementor-column elementor-col-100 elementor-top-column elementor-element elementor-element-aa8e74f\" data-id=\"aa8e74f\" data-element_type=\"column\">\n<div class=\"elementor-column-wrap elementor-element-populated\">\n<div class=\"elementor-widget-wrap\">\n<div class=\"elementor-element elementor-element-6b3f6f9 elementor-widget elementor-widget-heading\" data-id=\"6b3f6f9\" data-element_type=\"widget\" data-widget_type=\"heading.default\">\n<div class=\"elementor-widget-container\">\n<h2>PVE-Organisation<\/h2>\n<p><strong>Lisa Braunendal, MA<\/strong><\/p>\n<p>Ihre Ansprechpartnerin f\u00fcr alle Projekte, die von externen Partner*innen gemeinsam mit unserem Gesundheitszentrum angeboten werden.<\/p>\n<p>Tel. 03124 51845 19 \u2022 Mobil 0676 92 56 081 \u2022 <a href=\"mailto:office@gz-gs.at\">office@gz-gs.at<\/a><\/p>\n<\/div>\n<\/div>\n<\/div>\n<\/div>\n<\/div>\n<\/div>\n<\/div>\n<\/section>\n<\/div><\/section><\/div><div  class='flex_column av-4my8a4-3d6151b49d3f1b5f98d0e6037fa48a80 av_one_third  avia-builder-el-11  el_after_av_two_third  el_before_av_hr  flex_column_div  '     ><style type=\"text\/css\" data-created_by=\"avia_inline_auto\" id=\"style-css-av-lcro8mo5-04aa26ed3cc5fb149208094bc70488e0\">\n#top #wrap_all .avia-team-member.av-lcro8mo5-04aa26ed3cc5fb149208094bc70488e0 .team-member-name{\nfont-size:20px;\n}\n<\/style>\n<section  class='avia-team-member av-lcro8mo5-04aa26ed3cc5fb149208094bc70488e0  avia-builder-el-12  avia-builder-el-no-sibling '  itemscope=\"itemscope\" itemtype=\"https:\/\/schema.org\/Person\" ><div class=\"team-img-container\"><img decoding=\"async\" fetchpriority=\"high\" class='wp-image-4553 avia-img-lazy-loading-not-4553 avia_image avia_image_team' src=\"https:\/\/gz-gs.at\/wp-content\/uploads\/2025\/11\/dsc4937_Lisa-300x203.jpg\" alt='Lisa Braunendal, MA'  itemprop=\"image\"   height=\"203\" width=\"300\" srcset=\"https:\/\/gz-gs.at\/wp-content\/uploads\/2025\/11\/dsc4937_Lisa-300x203.jpg 300w, https:\/\/gz-gs.at\/wp-content\/uploads\/2025\/11\/dsc4937_Lisa-1030x695.jpg 1030w, https:\/\/gz-gs.at\/wp-content\/uploads\/2025\/11\/dsc4937_Lisa-768x518.jpg 768w, https:\/\/gz-gs.at\/wp-content\/uploads\/2025\/11\/dsc4937_Lisa-1536x1037.jpg 1536w, https:\/\/gz-gs.at\/wp-content\/uploads\/2025\/11\/dsc4937_Lisa-2048x1383.jpg 2048w, https:\/\/gz-gs.at\/wp-content\/uploads\/2025\/11\/dsc4937_Lisa-1500x1013.jpg 1500w, https:\/\/gz-gs.at\/wp-content\/uploads\/2025\/11\/dsc4937_Lisa-705x476.jpg 705w\" sizes=\"(max-width: 300px) 100vw, 300px\" \/><\/div><h3 class='team-member-name '  itemprop=\"name\" >Lisa Braunendal, MA<\/h3><div class='team-member-job-title '  itemprop=\"jobTitle\" >PVE Organisation<\/div><span class='hidden team-member-affiliation'  itemprop=\"affiliation\" >Gesundheitszentrum Gratwein Strassengel<\/span><\/section><\/div>\n<style type=\"text\/css\" data-created_by=\"avia_inline_auto\" id=\"style-css-av-lbaukcbv-974557ba1cf34d7f305821ebc90b5f16\">\n#top .hr.hr-invisible.av-lbaukcbv-974557ba1cf34d7f305821ebc90b5f16{\nheight:50px;\n}\n<\/style>\n<div  class='hr av-lbaukcbv-974557ba1cf34d7f305821ebc90b5f16 hr-invisible  avia-builder-el-13  el_after_av_one_third  el_before_av_textblock '><span class='hr-inner '><span class=\"hr-inner-style\"><\/span><\/span><\/div>\n<section  class='av_textblock_section av-lcro85p8-b56022c75ffe44fdefe53c426ffb0c24 '   itemscope=\"itemscope\" itemtype=\"https:\/\/schema.org\/CreativeWork\" ><div class='avia_textblock'  itemprop=\"text\" ><section class=\"elementor-section elementor-top-section elementor-element elementor-element-68e912e elementor-section-boxed elementor-section-height-default elementor-section-height-default\" data-id=\"68e912e\" data-element_type=\"section\">\n<div class=\"elementor-container elementor-column-gap-default\" style=\"text-align: left;\">\n<div class=\"elementor-row\">\n<div class=\"elementor-column elementor-col-100 elementor-top-column elementor-element elementor-element-aa8e74f\" data-id=\"aa8e74f\" data-element_type=\"column\">\n<div class=\"elementor-column-wrap elementor-element-populated\">\n<div class=\"elementor-widget-wrap\">\n<div class=\"elementor-element elementor-element-6b3f6f9 elementor-widget elementor-widget-heading\" data-id=\"6b3f6f9\" data-element_type=\"widget\" data-widget_type=\"heading.default\">\n<div class=\"elementor-widget-container\">\n<h2>Akut-Physiotherapie<\/h2>\n<p>Es gibt Beschwerden des Bewegungsapparates, bei denen bereits eine einmalige physiotherapeutische Einheit helfen kann. Ein typisches Beispiel ist der \u201eHexenschuss\u201c: Man verklemmt sich mit einer falschen Bewegung einen Muskel, einen Nerv oder eine Bandscheibe und leidet unter Schmerzen verbunden mit einer Bewegungseinschr\u00e4nkung. Physiotherapeut*innen k\u00f6nnen hingegen die Blockaden l\u00f6sen, die verkrampfte Muskulatur lockern und Wirbel wieder frei machen.<br \/>\nDazu gen\u00fcgt oft eine einmalige Behandlung, erg\u00e4nzt um einfache Bewegungs\u00fcbungen, die die Patient*innen dann selbst durchf\u00fchren k\u00f6nnen.<br \/>\nWir bieten die Akut-Physiotherapie in Kooperation mit unseren Partnerunternehmen <strong><a href=\"yhttps:\/\/www.xundpfleger.at\/\">XundPfleger<\/a><\/strong> (Standort Judendorf) und <a href=\"http:\/\/www.physiogratwein.at\/\"><strong>physio Gratwein<\/strong><\/a> (Standort Gratwein) an!<\/p>\n<hr \/>\n<section class=\"elementor-section elementor-top-section elementor-element elementor-element-68e912e elementor-section-boxed elementor-section-height-default elementor-section-height-default\" data-id=\"68e912e\" data-element_type=\"section\">\n<div class=\"elementor-container elementor-column-gap-default\" style=\"text-align: left;\">\n<div class=\"elementor-row\">\n<div class=\"elementor-column elementor-col-100 elementor-top-column elementor-element elementor-element-aa8e74f\" data-id=\"aa8e74f\" data-element_type=\"column\">\n<div class=\"elementor-column-wrap elementor-element-populated\">\n<div class=\"elementor-widget-wrap\">\n<div class=\"elementor-element elementor-element-6b3f6f9 elementor-widget elementor-widget-heading\" data-id=\"6b3f6f9\" data-element_type=\"widget\" data-widget_type=\"heading.default\">\n<div class=\"elementor-widget-container\">\n<h2>Sozialarbeit<\/h2>\n<p>Da auch das soziale Umfeld Einfluss auf Wohlbefinden und Gesundheit hat, arbeiten wir eng mit den Sozialarbeiterinnen der Gemeinde Gratwein-Stra\u00dfengel im <strong>\u201e<a href=\"https:\/\/clickin.cc\/generationenhaus\/\">Generationenhaus<\/a>\u201c<\/strong> zusammen. Gerne vereinbaren wir Beratungstermine bei uns im Haus!<\/p>\n<hr \/>\n<h2>Psychosozialer Dienst<\/h2>\n<p>Bei akuten Belastungssituationen, ist es oft hilfreich professionelle Hilfe in Anspruch zu nehmen. Daher arbeiten wir mit dem <strong><a href=\"https:\/\/www.rettet-das-kind-stmk.at\/joomla\/index.php\/bz-frohnleiten\" target=\"_blank\" rel=\"noopener\">Psychosozialem Dienst Frohnleiten<\/a><\/strong> zusammen.\u00a0Gerne vereinbaren wir Beratungstermine bei uns im Haus!<\/p>\n<hr \/>\n<h2>Di\u00e4tologische Beratung<\/h2>\n<p>Als Gesundheitszentrum bieten wir unseren Patient*innen auch die M\u00f6glichkeit einer kostenlosen ern\u00e4hrungsmedizinischen Erstberatung in Zusammenarbeit mit zwei erfahrenen Di\u00e4tologinnen an. Dieses Angebot richtet sich an viele verschiedene Personengruppen, die eines gemeinsam haben: Sie sollten ihre Ern\u00e4hrungsweise aus gesundheitlichen Gr\u00fcnden umstellen. Unsere \u00c4rzt*innen \u00fcberweisen Sie zu dieser kostenlosen Erstberatung insbesondere in folgenden F\u00e4llen:<\/p>\n<ul>\n<li>Richtige Ern\u00e4hrung bei Diabetes mellitus (Zuckerkrankheit)<\/li>\n<li>Nahrungsmittelintoleranzen<\/li>\n<li>Erkrankungen des Verdauungstraktes und des Stoffwechsels sowie chronische Erkrankungen<\/li>\n<li>\u00dcbergewicht<\/li>\n<\/ul>\n<hr \/>\n<h2>Hebamme<\/h2>\n<p>Als Prim\u00e4rversorgungszentrum bieten wir unseren Patient*innen seit Herbst 2025 die Leistungen der <a href=\"https:\/\/www.hebammesandra.at\/\" target=\"_blank\" rel=\"noopener\"><strong>Hebamme Sandra G\u00f6ttinger<\/strong><\/a> an. In der Hebammen-Sprechstunde werden werdende und frisch gebackene M\u00fctter kostenlos beraten. Jeden Dienstag von 7.30 bis 12.30 Uhr, eine telefonische Terminanforderung ist erforderlich.<\/p>\n<\/div>\n<\/div>\n<\/div>\n<\/div>\n<\/div>\n<\/div>\n<\/div>\n<\/section>\n<\/div>\n<\/div>\n<\/div>\n<\/div>\n<\/div>\n<\/div>\n<\/div>\n<\/section>\n<\/div><\/section>\n\n<style type=\"text\/css\" data-created_by=\"avia_inline_auto\" id=\"style-css-av-351uvw-43f0f061644de0182bfac9211126ef3a\">\n#top .hr.hr-invisible.av-351uvw-43f0f061644de0182bfac9211126ef3a{\nheight:50px;\n}\n<\/style>\n<div  class='hr av-351uvw-43f0f061644de0182bfac9211126ef3a hr-invisible  avia-builder-el-15  el_after_av_textblock  avia-builder-el-last '><span class='hr-inner '><span class=\"hr-inner-style\"><\/span><\/span><\/div>\n<\/div><\/div><\/main><!-- close content main element --><\/div><\/div><div id='after_section_1'  class='main_color av_default_container_wrap container_wrap sidebar_right'  ><div class='container av-section-cont-open' ><div class='template-page content  av-content-small alpha units'><div class='post-entry post-entry-type-page post-entry-3292'><div class='entry-content-wrapper clearfix'><div  class='flex_column av-2trwos-442ccd302978653a6abd558e66f1f03b av_one_half  avia-builder-el-16  el_after_av_section  avia-builder-el-no-sibling  first flex_column_div  '     ><\/div><\/p>\n","protected":false},"excerpt":{"rendered":"","protected":false},"author":1,"featured_media":0,"parent":0,"menu_order":0,"comment_status":"closed","ping_status":"closed","template":"","meta":{"footnotes":""},"class_list":["post-3292","page","type-page","status-publish","hentry"],"_links":{"self":[{"href":"https:\/\/gz-gs.at\/index.php?rest_route=\/wp\/v2\/pages\/3292","targetHints":{"allow":["GET"]}}],"collection":[{"href":"https:\/\/gz-gs.at\/index.php?rest_route=\/wp\/v2\/pages"}],"about":[{"href":"https:\/\/gz-gs.at\/index.php?rest_route=\/wp\/v2\/types\/page"}],"author":[{"embeddable":true,"href":"https:\/\/gz-gs.at\/index.php?rest_route=\/wp\/v2\/users\/1"}],"replies":[{"embeddable":true,"href":"https:\/\/gz-gs.at\/index.php?rest_route=%2Fwp%2Fv2%2Fcomments&post=3292"}],"version-history":[{"count":79,"href":"https:\/\/gz-gs.at\/index.php?rest_route=\/wp\/v2\/pages\/3292\/revisions"}],"predecessor-version":[{"id":4440,"href":"https:\/\/gz-gs.at\/index.php?rest_route=\/wp\/v2\/pages\/3292\/revisions\/4440"}],"wp:attachment":[{"href":"https:\/\/gz-gs.at\/index.php?rest_route=%2Fwp%2Fv2%2Fmedia&parent=3292"}],"curies":[{"name":"wp","href":"https:\/\/api.w.org\/{rel}","templated":true}]}}